{"id":44,"date":"2013-08-25T22:18:47","date_gmt":"2013-08-25T22:18:47","guid":{"rendered":"http:\/\/66.147.242.183\/~lahumlas\/?page_id=44"},"modified":"2018-02-18T16:50:05","modified_gmt":"2018-02-18T15:50:05","slug":"humletips","status":"publish","type":"page","link":"https:\/\/www.lahumlasuse.no\/gskurs\/humlenes-verden\/humletips\/","title":{"rendered":"La Humla Suse"},"content":{"rendered":"<p><strong>OM LA HUMLA SUSE<\/strong><br \/>\nLa Humla Suse er en idealistisk forening som jobber for \u00e5 sikre humlenes levek\u00e5r i Norge. Og vi lykkes med det vi gj\u00f8r. I l\u00f8pet av bare fem \u00e5r som registrert forening, har tusenvis av personer landet rundt f\u00e5tt l\u00e6re om humlene og om hvilke enkle, men effektive, tiltak som kan gjennomf\u00f8res for \u00e5 sikre humlenes fremtid. V\u00e5re viktigste kommunikasjonsarenaer er sosiale medier, humlevandringer, humlekassekurs og &#8220;Humlegata p\u00e5 T\u00f8yen&#8221;. Vi jobber ogs\u00e5 tett med b\u00e5de politikere, b\u00f8nder, l\u00e6rere og kommuner. Vi erfarer at folk opplever det som veldig verdifullt \u00e5 f\u00e5 kunnskap om hva b\u00e5de de selv og samfunnet kan gj\u00f8re for \u00e5 hjelpe humlene.<\/p>\n<p>Tilknyttet foreningen er to av Norges fremste humleeksperter, og La Humla Suse besitter dermed en unik humlefaglig kompetanse. Utover dette drives La Humla Suse av personer med variert bakgrunn og kompetanse, og arbeidet er i stor grad basert p\u00e5 frivillig innsats.<\/p>\n<p>Les mer p\u00e5 <a href=\"http:\/\/www.lahumlasuse.no\">www.lahumlasuse.no<\/a> og f\u00f8lg oss p\u00e5 facebook og instagram.<\/p>\n<p>&nbsp;<\/p>\n<p>&nbsp;<\/p>\n","protected":false},"excerpt":{"rendered":"<p>OM LA HUMLA SUSE La Humla Suse er en idealistisk forening som jobber for \u00e5 sikre humlenes levek\u00e5r i Norge. Og vi lykkes med det vi gj\u00f8r. I l\u00f8pet av bare fem \u00e5r som registrert forening, har tusenvis av personer landet rundt f\u00e5tt l\u00e6re&#8230;<\/p>\n","protected":false},"author":1,"featured_media":0,"parent":23,"menu_order":0,"comment_status":"closed","ping_status":"closed","template":"","meta":{"footnotes":""},"class_list":["post-44","page","type-page","status-publish","hentry"],"_links":{"self":[{"href":"https:\/\/www.lahumlasuse.no\/gskurs\/wp-json\/wp\/v2\/pages\/44","targetHints":{"allow":["GET"]}}],"collection":[{"href":"https:\/\/www.lahumlasuse.no\/gskurs\/wp-json\/wp\/v2\/pages"}],"about":[{"href":"https:\/\/www.lahumlasuse.no\/gskurs\/wp-json\/wp\/v2\/types\/page"}],"author":[{"embeddable":true,"href":"https:\/\/www.lahumlasuse.no\/gskurs\/wp-json\/wp\/v2\/users\/1"}],"replies":[{"embeddable":true,"href":"https:\/\/www.lahumlasuse.no\/gskurs\/wp-json\/wp\/v2\/comments?post=44"}],"version-history":[{"count":14,"href":"https:\/\/www.lahumlasuse.no\/gskurs\/wp-json\/wp\/v2\/pages\/44\/revisions"}],"predecessor-version":[{"id":826,"href":"https:\/\/www.lahumlasuse.no\/gskurs\/wp-json\/wp\/v2\/pages\/44\/revisions\/826"}],"up":[{"embeddable":true,"href":"https:\/\/www.lahumlasuse.no\/gskurs\/wp-json\/wp\/v2\/pages\/23"}],"wp:attachment":[{"href":"https:\/\/www.lahumlasuse.no\/gskurs\/wp-json\/wp\/v2\/media?parent=44"}],"curies":[{"name":"wp","href":"https:\/\/api.w.org\/{rel}","templated":true}]}}